d. What is the units digit of h?
4
Suppose 2*k - 2 = 6. Suppose -3*b = 5*s + 31, 4*b = -k*s + 2 - 46. Let t(z) = -2*z - 14. What is the units digit of t(b)?
0
Suppose -f = -0*f - 11. Suppose -1 + f = -2*q. Let n = q + 13. What is the units digit of n?
8
Let l(h) = h**3 - 6*h**2 - 5*h - 9. Let g be l(7). Suppose -2*q = -4*t + q - 15, -q + g = 2*t. Suppose t - 3 = -y. What is the units digit of y?
3
Suppose 4*z + 0*z = -4*o + 16, -4*z = -8. Suppose -o*b = -b. Suppose -2*m - 2*g + 46 = b, -5*g - 58 - 7 = -5*m. What is the units digit of m?
8
What is the tens digit of -60*(3 + (-15)/4)?
4
Let g be 39/(-65)*5/1. Suppose 4*c + 0*c = o + 10, -10 = 5*o. What is the units digit of (-27)/(g/1) - c?
7
Let k(m) be the first derivative of 2*m + 5/2*m**2 + 1. What is the units digit of k(2)?
2
Let d(t) = t**2 + 5*t. Let k be d(-5). Suppose w - 9 = -k*w. What is the units digit of w?
9
Let x be ((-7)/(-2))/(1/2). Let t(b) = -b + 13. Let z be t(-21). Suppose -o - 2*l = -12, 5*o + 4*l - z = x*l. What is the units digit of o?
8
Suppose -2 = -2*b + 4. Suppose 3*u - u + 3*q = 80, -3*u + b*q + 90 = 0. Let t = -24 + u. What is the tens digit of t?
1
What is the units digit of -2 - 1/2*-10?
3
Suppose -444 = -5*n + 3*z, 0*n + 3*n + 3*z = 252. What is the tens digit of n?
8
Let p = -1 + 4. Suppose -64 = -3*s + 3*c - 19, p*s + 3*c = 45. What is the units digit of s?
5
Let a = 2 + 1. Suppose 0*n - a*n + 12 = 0. What is the units digit of n?
4
Suppose 0 = -2*r - r. Suppose -4*m + 102 = 4*h - 42, r = -4*h - 20. What is the units digit of m?
1
Suppose 6 = -l + 7. Let f(d) = 2*d - 2 - 2*d + d**2 + l + 2*d. What is the units digit of f(-4)?
7
Let f(x) = -x**2 + 8*x - 1. Let d be f(7). Let u(z) = -z**3 - 10*z**2 - 10*z - 13. Let v be u(-9). Let i = v + d. What is the units digit of i?
2
Let t be (9/(-6))/(9/(-30)). Suppose 3*i - 3*c - 66 = 0, -t*i + 7*i + c = 56. What is the units digit of i?
6
Suppose -l + 0 = 3*r + 4, 4 = 4*l + 2*r. Suppose -f - 17 = -l*f + 5*n, 2*n = -3*f. What is the units digit of f?
2
Suppose 5*t - 2*d = 5, -2*d + 4 = -2*t - 0*t. Suppose 5*k - t*i - 1 - 17 = 0, 4*i - 16 = 0. Let n(h) = -h + 10. What is the units digit of n(k)?
4
What is the units digit of (-7)/14*(-147 + -1)?
4
What is the hundreds digit of 108 + 2 - (2 + 1 + -6)?
1
Suppose -2*q - 4 = -3*q. Suppose q*c - t - 11 = 21, 0 = -3*c - t + 24. Suppose -2*d = -4*x - c, -3*d + 26 = -x + 4. What is the units digit of d?
8
Let c be ((-4)/(-12))/((-2)/(-90)). Let b = 14 - 6. Let j = c - b. What is the units digit of j?
7
What is the tens digit of 1292/18 - (-42)/189?
7
Let n(p) = -p**2 + p + 1. Let i(d) = -7*d**2 + 8. Let m(u) = -i(u) + 5*n(u). Suppose 4*r + 11 = -4*j - 13, 5*j - 3*r + 14 = 0. What is the units digit of m(j)?
9
Let k = 2 + -3. Let z = k + 2. What is the units digit of (2/3)/(z/27)?
8
Suppose 3*n - 5*h - 163 = 0, -51 = -2*n + 4*h + 59. Suppose -4*b + 5*v = -45, -5*v + 2*v = -4*b + 35. What is the tens digit of n/b - (-4)/(-20)?
1
Let s(v) = -2*v - 6. Let j be s(9). Let r = -5 - -13. What is the units digit of ((-18)/j)/(2/r)?
3
Let y(v) = 4*v**2 + 4*v - 3. What is the units digit of y(-4)?
5
Suppose -5*q + 14 = -6. Suppose -3*l + 2*p + 9 + 8 = 0, -q*p + 29 = 3*l. What is the units digit of l?
7
Suppose -3*b - 3 = -4*b. Suppose 3 = -3*r + 6, -5*r + 41 = b*y. What is the units digit of y?
2
Let n be -30*2*(-2)/5. Suppose 20 = 2*f - n. What is the units digit of f?
2
Suppose -3*x = -3, 2*x = -2*r - 10 - 2. Let u(z) = -z**3 - 7*z**2 - 3*z + 6. What is the tens digit of u(r)?
2
What is the units digit of (-1)/(-4) - 5080/(-32)?
9
Let w(g) = -8*g + 1. Let s(f) = f - 1. Let z be s(10). Suppose 0*r = 4*j + r + z, 0 = -j + r - 1. What is the tens digit of w(j)?
1
Suppose -4*g + 0*x + x + 1 = 0, -g - 4*x - 4 = 0. Suppose 3*k + 0 - 9 = g. Suppose -7 = -4*z + k*z. What is the units digit of z?
7
Suppose 2*o - 4*o + 4 = 0. Suppose -4*i + 6*i + o = 0. What is the units digit of (15/9)/(i/(-3))?
5
Suppose 3*w = -5*l - 12 + 3, -3*l + 4*w = 17. Let i be -2*(-2)/4 - -9. Let m = l + i. What is the units digit of m?
7
Let m = 8 - 35. Let h = m - -36. What is the units digit of h?
9
Suppose 3*f + 3*q - 6 = 6*q, 0 = 2*f - 4*q. Suppose 3*p - 5*n = p + 9, -3*p + 2 = f*n. What is the units digit of p?
2
Suppose 552 = 4*f - 272. What is the tens digit of f?
0
Suppose 0 = 2*s - 6*s. What is the units digit of (2 - (-9 - s)) + 2?
3
Let f(n) = -n**2 - 5*n + 5. Let y be f(-5). Let o = y - -16. What is the tens digit of o?
2
Suppose -3*i + 101 = -3*z + 5*z, 0 = i + 2*z - 31. What is the units digit of i?
5
Let y be 11/(-1)*(1 - 2). Let z be (-9)/(-2)*4/(-3). Let o = z + y. What is the units digit of o?
5
What is the tens digit of (-4)/(-5) - 1302/(-35)?
3
Let i(x) = x**2 - 8*x - 6. What is the units digit of i(11)?
7
Suppose -4*j = 1 - 9. Suppose j*t + 0*l - 42 = -l, -4*l + 108 = 5*t. What is the tens digit of t?
2
Suppose -m + 6*m = 5*i, -2*m = 3*i + 25. Let r(c) = -c**2 - 10*c - 7. What is the tens digit of r(m)?
1
Suppose 4*r - r = -135. Let j = r - -76. What is the units digit of j?
1
Suppose 4*r - 4*f + 2 = 6, -3*f + 39 = 4*r. Let m = -2 + r. Suppose -19 + 7 = -m*o. What is the units digit of o?
3
Let u = 40 + -13. Suppose -j - 3*j = 68. Let z = u + j. What is the tens digit of z?
1
Let c be -4*((-3)/6)/((-1)/2). Let w(q) = q**2 - 6*q - 4. Let x be w(5). Let a = c - x. What is the units digit of a?
5
Suppose -2*b + 70 = 3*j, 2*b + 2*j = -2*b + 148. What is the units digit of b?
8
Let b = 41 - 27. What is the units digit of b/(-35)*(-5 - 0)?
2
Let s(b) = b**3 + 3*b**2 - 3*b + 1. Let h(o) = -o**2 - 3*o - 3. Let u(g) = -g + 2. Let d be u(5). Let a be h(d). What is the units digit of s(a)?
0
Let m = 2 - 3. Let i be (-141)/(-27) - 4/18. Let s = i + m. What is the units digit of s?
4
Suppose 0 = -5*h - 10 - 10, -5*h = 3*k - 658. What is the tens digit of k?
2
Let p = 44 + -24. Suppose 3*r + s - 54 - 16 = 0, -4*s - p = 0. What is the units digit of r?
5
Let w(t) = -4*t**3 - 3*t**2 - 3*t - 1. Let x be (7 - 6)/((-1)/2). What is the tens digit of w(x)?
2
Let a be 12/(-9)*(-246)/4. Suppose 3*h - m - 77 = -5*m, m + a = 3*h. Let s = h - 19. What is the units digit of s?
8
Let c be ((-14)/3)/((-4)/(-12)). Let s = c - -41. What is the tens digit of s?
2
Suppose 3*k - 180 = -4*o - 55, 0 = k + 3*o - 40. What is the units digit of k?
3
Let i(l) = -5*l - 4. Suppose -3*r + 24 = -5*v + 2*v, 27 = 3*r - 4*v. Suppose r*w - 1 + 16 = 0. What is the units digit of i(w)?
1
Suppose 0*r - 49 = 5*r + 3*l, -2*r + 5*l - 32 = 0. Let j be 1 - (3/3 - r). What is the tens digit of j/(-1)*(0 - -1)?
1
What is the units digit of 158/12 - (-1)/(-6)?
3
Let s = 4 - 2. Suppose -130 = -4*g + 3*f, 0 = g + 2*f + 2*f - 42. Suppose 5*c + y = s*y + g, 0 = -2*y + 2. What is the units digit of c?
7
Let v(j) = 21*j + 56. What is the tens digit of v(10)?
6
Let x = 10 + 5. What is the units digit of x?
5
Let p be 3/(6/10) + 0. Suppose -p*x + 35 = -0*x. What is the units digit of x?
7
Let t(k) = -25*k - 9. What is the hundreds digit of t(-6)?
1
Suppose 0*z + 3*z - 24 = 0. What is the units digit of z?
8
Let c(k) = 1 - 2 + 5*k + 2. Let d = -22 - -24. What is the units digit of c(d)?
1
Let f be (-2)/1 + (-12)/6. What is the tens digit of 2*f/24*-45?
1
Let d = -41 - -67. What is the tens digit of d?
2
Let n(h) = 10*h**3 - h**2. Let y be (-42)/(-54) + 6/27. What is the units digit of n(y)?
9
Suppose -u = -2*u + 88. What is the tens digit of u?
8
Let t = 10 + -7. Suppose -12 = -t*o - o. What is the units digit of 4 - (1 - (-3 + o))?
3
Let s = 77 - 49. Suppose 2*z - 2*k - 26 = 16, 3*z + 4*k - s = 0. What is the tens digit of z?
1
What is the units digit of ((-94)/4 + -3)*(-11 - -3)?
2
Let m(g) = g**3 + 7*g**2 - 2*g - 1. What is the tens digit of m(-7)?
1
Let u be -5*1*(4 - 5). Suppose -u*k = 32 + 3. Let p(a) = -a**2 - 8*a - 6. What is the units digit of p(k)?
1
Let v = -6 - -11. What is the tens digit of (-6)/v*25/(-2)?
1
Suppose 2*f + 2*c + 8 + 2 = 0, -f + 10 = -4*c. What is the tens digit of ((-24)/10)/(f/25)?
3
Suppose 51 + 184 = c. What is the tens digit of c?
3
What is the units digit of (16/12)/((-8)/(-12))?
2
Let d(z) = 3*z - z**2 + 3*z + 8*z - 11. What is the tens digit of d(12)?
1
Suppose -q + 470 = 3*q + 2*k, 4*q - 467 = -k. What is the units digit of q?
